{"version":"1.0","provider_name":"Church of the Nazarene","provider_url":"https:\/\/nazarene.org\/pt-br\/","author_name":"Jaycee Garcia","author_url":"https:\/\/nazarene.org\/pt-br\/author\/aprc-admin\/","title":"Nazarenos nas Not\u00edcias: junho de 2021","type":"rich","width":600,"height":338,"html":"<blockquote class=\"wp-embedded-content\" data-secret=\"4ZhKdgYIzi\"><a href=\"https:\/\/nazarene.org\/pt-br\/news\/nazarenos-nas-noticias-junho-de-2021\/\">Nazarenos nas Not\u00edcias: junho de 2021<\/a><\/blockquote><iframe sandbox=\"allow-scripts\" security=\"restricted\" src=\"https:\/\/nazarene.org\/pt-br\/news\/nazarenos-nas-noticias-junho-de-2021\/embed\/#?secret=4ZhKdgYIzi\" width=\"600\" height=\"338\" title=\"&#8220;Nazarenos nas Not\u00edcias: junho de 2021&#8221; &#8212; Church of the Nazarene\" data-secret=\"4ZhKdgYIzi\" frameborder=\"0\" marginwidth=\"0\" marginheight=\"0\" scrolling=\"no\" class=\"wp-embedded-content\"><\/iframe><script>\n\/*! This file is auto-generated *\/\n!function(d,l){\"use strict\";l.querySelector&&d.addEventListener&&\"undefined\"!=typeof URL&&(d.wp=d.wp||{},d.wp.receiveEmbedMessage||(d.wp.receiveEmbedMessage=function(e){var t=e.data;if((t||t.secret||t.message||t.value)&&!\/[^a-zA-Z0-9]\/.test(t.secret)){for(var s,r,n,a=l.querySelectorAll('iframe[data-secret=\"'+t.secret+'\"]'),o=l.querySelectorAll('blockquote[data-secret=\"'+t.secret+'\"]'),c=new RegExp(\"^https?:$\",\"i\"),i=0;i<o.length;i++)o[i].style.display=\"none\";for(i=0;i<a.length;i++)s=a[i],e.source===s.contentWindow&&(s.removeAttribute(\"style\"),\"height\"===t.message?(1e3<(r=parseInt(t.value,10))?r=1e3:~~r<200&&(r=200),s.height=r):\"link\"===t.message&&(r=new URL(s.getAttribute(\"src\")),n=new URL(t.value),c.test(n.protocol))&&n.host===r.host&&l.activeElement===s&&(d.top.location.href=t.value))}},d.addEventListener(\"message\",d.wp.receiveEmbedMessage,!1),l.addEventListener(\"DOMContentLoaded\",function(){for(var e,t,s=l.querySelectorAll(\"iframe.wp-embedded-content\"),r=0;r<s.length;r++)(t=(e=s[r]).getAttribute(\"data-secret\"))||(t=Math.random().toString(36).substring(2,12),e.src+=\"#?secret=\"+t,e.setAttribute(\"data-secret\",t)),e.contentWindow.postMessage({message:\"ready\",secret:t},\"*\")},!1)))}(window,document);\n\/\/# sourceURL=https:\/\/nazarene.org\/wp-includes\/js\/wp-embed.min.js\n<\/script>\n","thumbnail_url":"https:\/\/nazarene.orghttps:\/\/nazarene.org\/wp-content\/uploads\/inline-images\/NITN%20Main.png","thumbnail_width":600,"thumbnail_height":320,"description":"Na edi\u00e7\u00e3o deste m\u00eas de Nazarenos nas Not\u00edcias, leia sobre um Oklahoma Nazareno que era talentoso de uma bicicleta, uma comunidade de Dakota do Norte se reunindo para ajudar uma Igreja Nazarena, e o 100\u00ba anivers\u00e1rio de uma igreja de Virg\u00ednia Ocidental."}

Nazarenos nas Notícias: junho de 2021

<blockquote class="wp-embedded-content" data-secret="4ZhKdgYIzi"><a href="https://nazarene.org/pt-br/news/nazarenos-nas-noticias-junho-de-2021/">Nazarenos nas Notícias: junho de 2021</a></blockquote><iframe sandbox="allow-scripts" security="restricted" src="https://nazarene.org/pt-br/news/nazarenos-nas-noticias-junho-de-2021/embed/#?secret=4ZhKdgYIzi" width="600" height="338" title="&#8220;Nazarenos nas Notícias: junho de 2021&#8221; &#8212; Church of the Nazarene" data-secret="4ZhKdgYIzi" frameborder="0" marginwidth="0" marginheight="0" scrolling="no" class="wp-embedded-content"></iframe><script>
/*! This file is auto-generated */
!function(d,l){"use strict";l.querySelector&&d.addEventListener&&"undefined"!=typeof URL&&(d.wp=d.wp||{},d.wp.receiveEmbedMessage||(d.wp.receiveEmbedMessage=function(e){var t=e.data;if((t||t.secret||t.message||t.value)&&!/[^a-zA-Z0-9]/.test(t.secret)){for(var s,r,n,a=l.querySelectorAll('iframe[data-secret="'+t.secret+'"]'),o=l.querySelectorAll('blockquote[data-secret="'+t.secret+'"]'),c=new RegExp("^https?:$","i"),i=0;i<o.length;i++)o[i].style.display="none";for(i=0;i<a.length;i++)s=a[i],e.source===s.contentWindow&&(s.removeAttribute("style"),"height"===t.message?(1e3<(r=parseInt(t.value,10))?r=1e3:~~r<200&&(r=200),s.height=r):"link"===t.message&&(r=new URL(s.getAttribute("src")),n=new URL(t.value),c.test(n.protocol))&&n.host===r.host&&l.activeElement===s&&(d.top.location.href=t.value))}},d.addEventListener("message",d.wp.receiveEmbedMessage,!1),l.addEventListener("DOMContentLoaded",function(){for(var e,t,s=l.querySelectorAll("iframe.wp-embedded-content"),r=0;r<s.length;r++)(t=(e=s[r]).getAttribute("data-secret"))||(t=Math.random().toString(36).substring(2,12),e.src+="#?secret="+t,e.setAttribute("data-secret",t)),e.contentWindow.postMessage({message:"ready",secret:t},"*")},!1)))}(window,document);
//# sourceURL=https://nazarene.org/wp-includes/js/wp-embed.min.js
</script>

Na edição deste mês de Nazarenos nas Notícias, leia sobre um Oklahoma Nazareno que era talentoso de uma bicicleta, uma comunidade de Dakota do Norte se reunindo para ajudar uma Igreja Nazarena, e o 100º aniversário de uma igreja de Virgínia Ocidental.
