{"version":"1.0","provider_name":"Church of the Nazarene","provider_url":"https:\/\/nazarene.org\/pt-br\/","author_name":"Jaycee Garcia","author_url":"https:\/\/nazarene.org\/pt-br\/author\/aprc-admin\/","title":"Nazarenos nas Not\u00edcias: janeiro de 2023","type":"rich","width":600,"height":338,"html":"<blockquote class=\"wp-embedded-content\" data-secret=\"AWu8LMm0sq\"><a href=\"https:\/\/nazarene.org\/pt-br\/news\/nazarenos-nas-noticias-janeiro-de-2023\/\">Nazarenos nas Not\u00edcias: janeiro de 2023<\/a><\/blockquote><iframe sandbox=\"allow-scripts\" security=\"restricted\" src=\"https:\/\/nazarene.org\/pt-br\/news\/nazarenos-nas-noticias-janeiro-de-2023\/embed\/#?secret=AWu8LMm0sq\" width=\"600\" height=\"338\" title=\"&#8220;Nazarenos nas Not\u00edcias: janeiro de 2023&#8221; &#8212; Church of the Nazarene\" data-secret=\"AWu8LMm0sq\" frameborder=\"0\" marginwidth=\"0\" marginheight=\"0\" scrolling=\"no\" class=\"wp-embedded-content\"><\/iframe><script>\n\/*! This file is auto-generated *\/\n!function(d,l){\"use strict\";l.querySelector&&d.addEventListener&&\"undefined\"!=typeof URL&&(d.wp=d.wp||{},d.wp.receiveEmbedMessage||(d.wp.receiveEmbedMessage=function(e){var t=e.data;if((t||t.secret||t.message||t.value)&&!\/[^a-zA-Z0-9]\/.test(t.secret)){for(var s,r,n,a=l.querySelectorAll('iframe[data-secret=\"'+t.secret+'\"]'),o=l.querySelectorAll('blockquote[data-secret=\"'+t.secret+'\"]'),c=new RegExp(\"^https?:$\",\"i\"),i=0;i<o.length;i++)o[i].style.display=\"none\";for(i=0;i<a.length;i++)s=a[i],e.source===s.contentWindow&&(s.removeAttribute(\"style\"),\"height\"===t.message?(1e3<(r=parseInt(t.value,10))?r=1e3:~~r<200&&(r=200),s.height=r):\"link\"===t.message&&(r=new URL(s.getAttribute(\"src\")),n=new URL(t.value),c.test(n.protocol))&&n.host===r.host&&l.activeElement===s&&(d.top.location.href=t.value))}},d.addEventListener(\"message\",d.wp.receiveEmbedMessage,!1),l.addEventListener(\"DOMContentLoaded\",function(){for(var e,t,s=l.querySelectorAll(\"iframe.wp-embedded-content\"),r=0;r<s.length;r++)(t=(e=s[r]).getAttribute(\"data-secret\"))||(t=Math.random().toString(36).substring(2,12),e.src+=\"#?secret=\"+t,e.setAttribute(\"data-secret\",t)),e.contentWindow.postMessage({message:\"ready\",secret:t},\"*\")},!1)))}(window,document);\n\/\/# sourceURL=https:\/\/nazarene.org\/wp-includes\/js\/wp-embed.min.js\n<\/script>\n","thumbnail_url":"https:\/\/nazarene.org\/wp-content\/uploads\/2025\/02\/NITN-Jan-768x410.jpg","thumbnail_width":600,"thumbnail_height":320,"description":"Nazarenos no News&nbsp;is uma compila\u00e7\u00e3o de artigos de not\u00edcias on-line com igrejas Nazarenas ou membros de igrejas. Pastor Carolina do Norte compartilha impacto da Igreja Local Grant com conselho de curadores Lago Junaluska, Carolina do Norte Funda\u00e7\u00e3o para Evangelismo, 21 de dezembro de 2023) &#8211;&nbsp;Rev. Jeremy Reese, pastor de Aiken Ebenezer do Nazareno em Aiken, [&hellip;]"}

Nazarenos nas Notícias: janeiro de 2023

<blockquote class="wp-embedded-content" data-secret="AWu8LMm0sq"><a href="https://nazarene.org/pt-br/news/nazarenos-nas-noticias-janeiro-de-2023/">Nazarenos nas Notícias: janeiro de 2023</a></blockquote><iframe sandbox="allow-scripts" security="restricted" src="https://nazarene.org/pt-br/news/nazarenos-nas-noticias-janeiro-de-2023/embed/#?secret=AWu8LMm0sq" width="600" height="338" title="&#8220;Nazarenos nas Notícias: janeiro de 2023&#8221; &#8212; Church of the Nazarene" data-secret="AWu8LMm0sq" frameborder="0" marginwidth="0" marginheight="0" scrolling="no" class="wp-embedded-content"></iframe><script>
/*! This file is auto-generated */
!function(d,l){"use strict";l.querySelector&&d.addEventListener&&"undefined"!=typeof URL&&(d.wp=d.wp||{},d.wp.receiveEmbedMessage||(d.wp.receiveEmbedMessage=function(e){var t=e.data;if((t||t.secret||t.message||t.value)&&!/[^a-zA-Z0-9]/.test(t.secret)){for(var s,r,n,a=l.querySelectorAll('iframe[data-secret="'+t.secret+'"]'),o=l.querySelectorAll('blockquote[data-secret="'+t.secret+'"]'),c=new RegExp("^https?:$","i"),i=0;i<o.length;i++)o[i].style.display="none";for(i=0;i<a.length;i++)s=a[i],e.source===s.contentWindow&&(s.removeAttribute("style"),"height"===t.message?(1e3<(r=parseInt(t.value,10))?r=1e3:~~r<200&&(r=200),s.height=r):"link"===t.message&&(r=new URL(s.getAttribute("src")),n=new URL(t.value),c.test(n.protocol))&&n.host===r.host&&l.activeElement===s&&(d.top.location.href=t.value))}},d.addEventListener("message",d.wp.receiveEmbedMessage,!1),l.addEventListener("DOMContentLoaded",function(){for(var e,t,s=l.querySelectorAll("iframe.wp-embedded-content"),r=0;r<s.length;r++)(t=(e=s[r]).getAttribute("data-secret"))||(t=Math.random().toString(36).substring(2,12),e.src+="#?secret="+t,e.setAttribute("data-secret",t)),e.contentWindow.postMessage({message:"ready",secret:t},"*")},!1)))}(window,document);
//# sourceURL=https://nazarene.org/wp-includes/js/wp-embed.min.js
</script>

Nazarenos no News&nbsp;is uma compilação de artigos de notícias on-line com igrejas Nazarenas ou membros de igrejas. Pastor Carolina do Norte compartilha impacto da Igreja Local Grant com conselho de curadores Lago Junaluska, Carolina do Norte Fundação para Evangelismo, 21 de dezembro de 2023) &#8211;&nbsp;Rev. Jeremy Reese, pastor de Aiken Ebenezer do Nazareno em Aiken, [&hellip;]
