{"version":"1.0","provider_name":"Church of the Nazarene","provider_url":"https:\/\/nazarene.org\/pt-br\/","author_name":"Eunike Villanueva","author_url":"https:\/\/nazarene.org\/pt-br\/author\/evillanueva\/","title":"In Memoriam: 11 de abril de 2025","type":"rich","width":600,"height":338,"html":"<blockquote class=\"wp-embedded-content\" data-secret=\"StyGhBAoW0\"><a href=\"https:\/\/nazarene.org\/pt-br\/news\/in-memoriam-11-de-abril-de-2025\/\">In Memoriam: 11 de abril de 2025<\/a><\/blockquote><iframe sandbox=\"allow-scripts\" security=\"restricted\" src=\"https:\/\/nazarene.org\/pt-br\/news\/in-memoriam-11-de-abril-de-2025\/embed\/#?secret=StyGhBAoW0\" width=\"600\" height=\"338\" title=\"&#8220;In Memoriam: 11 de abril de 2025&#8221; &#8212; Church of the Nazarene\" data-secret=\"StyGhBAoW0\" frameborder=\"0\" marginwidth=\"0\" marginheight=\"0\" scrolling=\"no\" class=\"wp-embedded-content\"><\/iframe><script>\n\/*! This file is auto-generated *\/\n!function(d,l){\"use strict\";l.querySelector&&d.addEventListener&&\"undefined\"!=typeof URL&&(d.wp=d.wp||{},d.wp.receiveEmbedMessage||(d.wp.receiveEmbedMessage=function(e){var t=e.data;if((t||t.secret||t.message||t.value)&&!\/[^a-zA-Z0-9]\/.test(t.secret)){for(var s,r,n,a=l.querySelectorAll('iframe[data-secret=\"'+t.secret+'\"]'),o=l.querySelectorAll('blockquote[data-secret=\"'+t.secret+'\"]'),c=new RegExp(\"^https?:$\",\"i\"),i=0;i<o.length;i++)o[i].style.display=\"none\";for(i=0;i<a.length;i++)s=a[i],e.source===s.contentWindow&&(s.removeAttribute(\"style\"),\"height\"===t.message?(1e3<(r=parseInt(t.value,10))?r=1e3:~~r<200&&(r=200),s.height=r):\"link\"===t.message&&(r=new URL(s.getAttribute(\"src\")),n=new URL(t.value),c.test(n.protocol))&&n.host===r.host&&l.activeElement===s&&(d.top.location.href=t.value))}},d.addEventListener(\"message\",d.wp.receiveEmbedMessage,!1),l.addEventListener(\"DOMContentLoaded\",function(){for(var e,t,s=l.querySelectorAll(\"iframe.wp-embedded-content\"),r=0;r<s.length;r++)(t=(e=s[r]).getAttribute(\"data-secret\"))||(t=Math.random().toString(36).substring(2,12),e.src+=\"#?secret=\"+t,e.setAttribute(\"data-secret\",t)),e.contentWindow.postMessage({message:\"ready\",secret:t},\"*\")},!1)))}(window,document);\n\/\/# sourceURL=https:\/\/nazarene.org\/wp-includes\/js\/wp-embed.min.js\n<\/script>\n","thumbnail_url":"https:\/\/nazarene.org\/wp-content\/uploads\/2025\/04\/Joshua-Tree-In-Memoriam_0.png","thumbnail_width":750,"thumbnail_height":400,"description":"O seguinte \u00e9 uma lista semanal de ministros e l\u00edderes Nazarenos que foram recentemente para casa para estar com o Senhor. Notifica\u00e7\u00f5es foram recebidas de 7-11 de abril de 2025.O seguinte \u00e9 uma lista semanal de ministros e l\u00edderes Nazarenos que recentemente foram para casa para estar com o Senhor. Notifica\u00e7\u00f5es foram recebidas de 7-11 de abril de 2025.Richard Karr, 95, de McCook, Nebraska, faleceu 1 de abril de 2025. Ele era um ministro aposentado que serviu em Nebraska. Ele sobreviveu por sua esposa, Sharon KarrAlbert Sam Miller, 78, de Antelope, Calif\u00f3rnia, faleceu 26 de mar\u00e7o de 2025. Ele era um ministro aposentado que serviu na Calif\u00f3rnia. Ele sobreviveu por sua esposa, Margaret Miller.Max Tavilitonga, 69, de Aukland, Nova Zel\u00e2ndia, faleceu 30 de mar\u00e7o de 2025. Ele era o pastor de Auckland Otara do Nazareno. Ele sobreviveu por sua esposa, Epika Rebecca Tavilitonga. Para ver edi\u00e7\u00f5es anteriores de In Memoriam, clique aqui.Nota: Por favor, junte-se a n\u00f3s em ora\u00e7\u00e3o para as fam\u00edlias que perderam entes queridos. Clique em nomes para hist\u00f3rias completas, informa\u00e7\u00f5es funer\u00e1rias, obitu\u00e1rios on-line locais e \/ ou livros convidados (se dispon\u00edvel). Para enviar uma entrada de um ministro ou l\u00edder de igreja, enviar para news@nazarene.org.--Compilado por Nazarene News"}

O seguinte é uma lista semanal de ministros e líderes Nazarenos que foram recentemente para casa para estar com o Senhor. Notificações foram recebidas de 7-11 de abril de 2025.O seguinte é uma lista semanal de ministros e líderes Nazarenos que recentemente foram para casa para estar com o Senhor. Notificações foram recebidas de 7-11 de abril de 2025.Richard Karr, 95, de McCook, Nebraska, faleceu 1 de abril de 2025. Ele era um ministro aposentado que serviu em Nebraska. Ele sobreviveu por sua esposa, Sharon KarrAlbert Sam Miller, 78, de Antelope, Califórnia, faleceu 26 de março de 2025. Ele era um ministro aposentado que serviu na Califórnia. Ele sobreviveu por sua esposa, Margaret Miller.Max Tavilitonga, 69, de Aukland, Nova Zelândia, faleceu 30 de março de 2025. Ele era o pastor de Auckland Otara do Nazareno. Ele sobreviveu por sua esposa, Epika Rebecca Tavilitonga. Para ver edições anteriores de In Memoriam, clique aqui.Nota: Por favor, junte-se a nós em oração para as famílias que perderam entes queridos. Clique em nomes para histórias completas, informações funerárias, obituários on-line locais e / ou livros convidados (se disponível). Para enviar uma entrada de um ministro ou líder de igreja, enviar para news@nazarene.org.--Compilado por Nazarene News
