{"version":"1.0","provider_name":"Church of the Nazarene","provider_url":"https:\/\/nazarene.org\/fr\/","author_name":"Jaycee Garcia","author_url":"https:\/\/nazarene.org\/fr\/author\/aprc-admin\/","title":"KEEP la foi : Andrew Inskeep s'est souvenu","type":"rich","width":600,"height":338,"html":"<blockquote class=\"wp-embedded-content\" data-secret=\"u0vMG9ck07\"><a href=\"https:\/\/nazarene.org\/fr\/news\/keep-la-foi-andrew-inskeep-sest-souvenu\/\">KEEP la foi : Andrew Inskeep s&rsquo;est souvenu<\/a><\/blockquote><iframe sandbox=\"allow-scripts\" security=\"restricted\" src=\"https:\/\/nazarene.org\/fr\/news\/keep-la-foi-andrew-inskeep-sest-souvenu\/embed\/#?secret=u0vMG9ck07\" width=\"600\" height=\"338\" title=\"\u00ab\u00a0KEEP la foi : Andrew Inskeep s&rsquo;est souvenu\u00a0\u00bb &#8212; Church of the Nazarene\" data-secret=\"u0vMG9ck07\" frameborder=\"0\" marginwidth=\"0\" marginheight=\"0\" scrolling=\"no\" class=\"wp-embedded-content\"><\/iframe><script>\n\/*! This file is auto-generated *\/\n!function(d,l){\"use strict\";l.querySelector&&d.addEventListener&&\"undefined\"!=typeof URL&&(d.wp=d.wp||{},d.wp.receiveEmbedMessage||(d.wp.receiveEmbedMessage=function(e){var t=e.data;if((t||t.secret||t.message||t.value)&&!\/[^a-zA-Z0-9]\/.test(t.secret)){for(var s,r,n,a=l.querySelectorAll('iframe[data-secret=\"'+t.secret+'\"]'),o=l.querySelectorAll('blockquote[data-secret=\"'+t.secret+'\"]'),c=new RegExp(\"^https?:$\",\"i\"),i=0;i<o.length;i++)o[i].style.display=\"none\";for(i=0;i<a.length;i++)s=a[i],e.source===s.contentWindow&&(s.removeAttribute(\"style\"),\"height\"===t.message?(1e3<(r=parseInt(t.value,10))?r=1e3:~~r<200&&(r=200),s.height=r):\"link\"===t.message&&(r=new URL(s.getAttribute(\"src\")),n=new URL(t.value),c.test(n.protocol))&&n.host===r.host&&l.activeElement===s&&(d.top.location.href=t.value))}},d.addEventListener(\"message\",d.wp.receiveEmbedMessage,!1),l.addEventListener(\"DOMContentLoaded\",function(){for(var e,t,s=l.querySelectorAll(\"iframe.wp-embedded-content\"),r=0;r<s.length;r++)(t=(e=s[r]).getAttribute(\"data-secret\"))||(t=Math.random().toString(36).substring(2,12),e.src+=\"#?secret=\"+t,e.setAttribute(\"data-secret\",t)),e.contentWindow.postMessage({message:\"ready\",secret:t},\"*\")},!1)))}(window,document);\n\/\/# sourceURL=https:\/\/nazarene.org\/wp-includes\/js\/wp-embed.min.js\n<\/script>\n","thumbnail_url":"https:\/\/nazarene.org\/wp-content\/uploads\/2025\/02\/Inskeep-photo.png","thumbnail_width":600,"thumbnail_height":320,"description":"Andrew Inskeep, pasteur des jeunes \u00e0 l'\u00c9glise Ridgefield du Nazar\u00e9en, a perdu sa vie tragiquement sur la rivi\u00e8re Columbia 5 ao\u00fbt 2020 tout en tentant de sauver la vie d'un \u00e9tudiant de l'\u00e9cole interm\u00e9diaire. Selon les amis et la famille, ses actes finaux ont illustr\u00e9 qui il \u00e9tait en tant que personne."}

Andrew Inskeep, pasteur des jeunes à l'Église Ridgefield du Nazaréen, a perdu sa vie tragiquement sur la rivière Columbia 5 août 2020 tout en tentant de sauver la vie d'un étudiant de l'école intermédiaire. Selon les amis et la famille, ses actes finaux ont illustré qui il était en tant que personne.
