{"version":"1.0","provider_name":"Church of the Nazarene","provider_url":"https:\/\/nazarene.org\/fr\/","author_name":"Eunike Villanueva","author_url":"https:\/\/nazarene.org\/fr\/author\/evillanueva\/","title":"Dans Memoriam : 25 avril 2025","type":"rich","width":600,"height":338,"html":"<blockquote class=\"wp-embedded-content\" data-secret=\"8CDc4nwhjs\"><a href=\"https:\/\/nazarene.org\/fr\/news\/dans-memoriam-25-avril-2025\/\">Dans Memoriam : 25 avril 2025<\/a><\/blockquote><iframe sandbox=\"allow-scripts\" security=\"restricted\" src=\"https:\/\/nazarene.org\/fr\/news\/dans-memoriam-25-avril-2025\/embed\/#?secret=8CDc4nwhjs\" width=\"600\" height=\"338\" title=\"\u00ab\u00a0Dans Memoriam : 25 avril 2025\u00a0\u00bb &#8212; Church of the Nazarene\" data-secret=\"8CDc4nwhjs\" frameborder=\"0\" marginwidth=\"0\" marginheight=\"0\" scrolling=\"no\" class=\"wp-embedded-content\"><\/iframe><script>\n\/*! This file is auto-generated *\/\n!function(d,l){\"use strict\";l.querySelector&&d.addEventListener&&\"undefined\"!=typeof URL&&(d.wp=d.wp||{},d.wp.receiveEmbedMessage||(d.wp.receiveEmbedMessage=function(e){var t=e.data;if((t||t.secret||t.message||t.value)&&!\/[^a-zA-Z0-9]\/.test(t.secret)){for(var s,r,n,a=l.querySelectorAll('iframe[data-secret=\"'+t.secret+'\"]'),o=l.querySelectorAll('blockquote[data-secret=\"'+t.secret+'\"]'),c=new RegExp(\"^https?:$\",\"i\"),i=0;i<o.length;i++)o[i].style.display=\"none\";for(i=0;i<a.length;i++)s=a[i],e.source===s.contentWindow&&(s.removeAttribute(\"style\"),\"height\"===t.message?(1e3<(r=parseInt(t.value,10))?r=1e3:~~r<200&&(r=200),s.height=r):\"link\"===t.message&&(r=new URL(s.getAttribute(\"src\")),n=new URL(t.value),c.test(n.protocol))&&n.host===r.host&&l.activeElement===s&&(d.top.location.href=t.value))}},d.addEventListener(\"message\",d.wp.receiveEmbedMessage,!1),l.addEventListener(\"DOMContentLoaded\",function(){for(var e,t,s=l.querySelectorAll(\"iframe.wp-embedded-content\"),r=0;r<s.length;r++)(t=(e=s[r]).getAttribute(\"data-secret\"))||(t=Math.random().toString(36).substring(2,12),e.src+=\"#?secret=\"+t,e.setAttribute(\"data-secret\",t)),e.contentWindow.postMessage({message:\"ready\",secret:t},\"*\")},!1)))}(window,document);\n\/\/# sourceURL=https:\/\/nazarene.org\/wp-includes\/js\/wp-embed.min.js\n<\/script>\n","thumbnail_url":"https:\/\/nazarene.org\/wp-content\/uploads\/2025\/04\/Field.jpg","thumbnail_width":1500,"thumbnail_height":800,"description":"Ce qui suit est une liste hebdomadaire de ministres et de leaders nazar\u00e9ens qui sont r\u00e9cemment all\u00e9s \u00e0 la maison pour \u00eatre avec le Seigneur. Les avis ont \u00e9t\u00e9 re\u00e7us de 21-25 avril 2025. Norma Atkinson, 89, de Kansas City, Missouri, est d\u00e9c\u00e9d\u00e9 le 17 f\u00e9vrier 2025. Elle \u00e9tait la veuve de Robert Atkinson, un [&hellip;]"}

Ce qui suit est une liste hebdomadaire de ministres et de leaders nazaréens qui sont récemment allés à la maison pour être avec le Seigneur. Les avis ont été reçus de 21-25 avril 2025. Norma Atkinson, 89, de Kansas City, Missouri, est décédé le 17 février 2025. Elle était la veuve de Robert Atkinson, un [&hellip;]
