{"version":"1.0","provider_name":"Church of the Nazarene","provider_url":"https:\/\/nazarene.org\/fr\/","author_name":"Jaycee Garcia","author_url":"https:\/\/nazarene.org\/fr\/author\/aprc-admin\/","title":"Appel \u00e0 la pri\u00e8re et au je\u00fbne","type":"rich","width":600,"height":338,"html":"<blockquote class=\"wp-embedded-content\" data-secret=\"w7KUrc7JGV\"><a href=\"https:\/\/nazarene.org\/fr\/news\/appel-a-la-priere-et-au-jeune\/\">Appel \u00e0 la pri\u00e8re et au je\u00fbne<\/a><\/blockquote><iframe sandbox=\"allow-scripts\" security=\"restricted\" src=\"https:\/\/nazarene.org\/fr\/news\/appel-a-la-priere-et-au-jeune\/embed\/#?secret=w7KUrc7JGV\" width=\"600\" height=\"338\" title=\"\u00ab\u00a0Appel \u00e0 la pri\u00e8re et au je\u00fbne\u00a0\u00bb &#8212; Church of the Nazarene\" data-secret=\"w7KUrc7JGV\" frameborder=\"0\" marginwidth=\"0\" marginheight=\"0\" scrolling=\"no\" class=\"wp-embedded-content\"><\/iframe><script>\n\/*! This file is auto-generated *\/\n!function(d,l){\"use strict\";l.querySelector&&d.addEventListener&&\"undefined\"!=typeof URL&&(d.wp=d.wp||{},d.wp.receiveEmbedMessage||(d.wp.receiveEmbedMessage=function(e){var t=e.data;if((t||t.secret||t.message||t.value)&&!\/[^a-zA-Z0-9]\/.test(t.secret)){for(var s,r,n,a=l.querySelectorAll('iframe[data-secret=\"'+t.secret+'\"]'),o=l.querySelectorAll('blockquote[data-secret=\"'+t.secret+'\"]'),c=new RegExp(\"^https?:$\",\"i\"),i=0;i<o.length;i++)o[i].style.display=\"none\";for(i=0;i<a.length;i++)s=a[i],e.source===s.contentWindow&&(s.removeAttribute(\"style\"),\"height\"===t.message?(1e3<(r=parseInt(t.value,10))?r=1e3:~~r<200&&(r=200),s.height=r):\"link\"===t.message&&(r=new URL(s.getAttribute(\"src\")),n=new URL(t.value),c.test(n.protocol))&&n.host===r.host&&l.activeElement===s&&(d.top.location.href=t.value))}},d.addEventListener(\"message\",d.wp.receiveEmbedMessage,!1),l.addEventListener(\"DOMContentLoaded\",function(){for(var e,t,s=l.querySelectorAll(\"iframe.wp-embedded-content\"),r=0;r<s.length;r++)(t=(e=s[r]).getAttribute(\"data-secret\"))||(t=Math.random().toString(36).substring(2,12),e.src+=\"#?secret=\"+t,e.setAttribute(\"data-secret\",t)),e.contentWindow.postMessage({message:\"ready\",secret:t},\"*\")},!1)))}(window,document);\n\/\/# sourceURL=https:\/\/nazarene.org\/wp-includes\/js\/wp-embed.min.js\n<\/script>\n","thumbnail_url":"https:\/\/nazarene.org\/wp-content\/uploads\/2025\/02\/MaskedWomanPraying-768x410.jpeg","thumbnail_width":600,"thumbnail_height":320,"description":"Nous venons de terminer de c\u00e9l\u00e9brer la saison de l&rsquo;Avent et l&rsquo;arriv\u00e9e du Messie. J\u00e9sus est venu accomplissant la proph\u00e9tie d&rsquo;Isa\u00efe : Pour nous, un enfant est n\u00e9, \u00e0 nous, un fils est donn\u00e9, et le &nbsp;gouvernement sera sur ses \u00e9paules. Et il sera appel\u00e9 Conseiller merveilleux, &nbsp;Dieu puissant, P\u00e8re \u00e9&nbsp;ternel, &nbsp;Prince de la paix. [&hellip;]"}

Appel à la prière et au jeûne

<blockquote class="wp-embedded-content" data-secret="w7KUrc7JGV"><a href="https://nazarene.org/fr/news/appel-a-la-priere-et-au-jeune/">Appel à la prière et au jeûne</a></blockquote><iframe sandbox="allow-scripts" security="restricted" src="https://nazarene.org/fr/news/appel-a-la-priere-et-au-jeune/embed/#?secret=w7KUrc7JGV" width="600" height="338" title="« Appel à la prière et au jeûne » &#8212; Church of the Nazarene" data-secret="w7KUrc7JGV" frameborder="0" marginwidth="0" marginheight="0" scrolling="no" class="wp-embedded-content"></iframe><script>
/*! This file is auto-generated */
!function(d,l){"use strict";l.querySelector&&d.addEventListener&&"undefined"!=typeof URL&&(d.wp=d.wp||{},d.wp.receiveEmbedMessage||(d.wp.receiveEmbedMessage=function(e){var t=e.data;if((t||t.secret||t.message||t.value)&&!/[^a-zA-Z0-9]/.test(t.secret)){for(var s,r,n,a=l.querySelectorAll('iframe[data-secret="'+t.secret+'"]'),o=l.querySelectorAll('blockquote[data-secret="'+t.secret+'"]'),c=new RegExp("^https?:$","i"),i=0;i<o.length;i++)o[i].style.display="none";for(i=0;i<a.length;i++)s=a[i],e.source===s.contentWindow&&(s.removeAttribute("style"),"height"===t.message?(1e3<(r=parseInt(t.value,10))?r=1e3:~~r<200&&(r=200),s.height=r):"link"===t.message&&(r=new URL(s.getAttribute("src")),n=new URL(t.value),c.test(n.protocol))&&n.host===r.host&&l.activeElement===s&&(d.top.location.href=t.value))}},d.addEventListener("message",d.wp.receiveEmbedMessage,!1),l.addEventListener("DOMContentLoaded",function(){for(var e,t,s=l.querySelectorAll("iframe.wp-embedded-content"),r=0;r<s.length;r++)(t=(e=s[r]).getAttribute("data-secret"))||(t=Math.random().toString(36).substring(2,12),e.src+="#?secret="+t,e.setAttribute("data-secret",t)),e.contentWindow.postMessage({message:"ready",secret:t},"*")},!1)))}(window,document);
//# sourceURL=https://nazarene.org/wp-includes/js/wp-embed.min.js
</script>

Nous venons de terminer de célébrer la saison de l&rsquo;Avent et l&rsquo;arrivée du Messie. Jésus est venu accomplissant la prophétie d&rsquo;Isaïe : Pour nous, un enfant est né, à nous, un fils est donné, et le &nbsp;gouvernement sera sur ses épaules. Et il sera appelé Conseiller merveilleux, &nbsp;Dieu puissant, Père é&nbsp;ternel, &nbsp;Prince de la paix. [&hellip;]
