{"version":"1.0","provider_name":"Church of the Nazarene","provider_url":"https:\/\/nazarene.org\/es\/","author_name":"Jaycee Garcia","author_url":"https:\/\/nazarene.org\/es\/author\/aprc-admin\/","title":"Recordar a Gregory Hephner","type":"rich","width":600,"height":338,"html":"<blockquote class=\"wp-embedded-content\" data-secret=\"rvDTFJfrwi\"><a href=\"https:\/\/nazarene.org\/es\/news\/recordar-a-gregory-hephner\/\">Recordar a Gregory Hephner<\/a><\/blockquote><iframe sandbox=\"allow-scripts\" security=\"restricted\" src=\"https:\/\/nazarene.org\/es\/news\/recordar-a-gregory-hephner\/embed\/#?secret=rvDTFJfrwi\" width=\"600\" height=\"338\" title=\"\u00abRecordar a Gregory Hephner\u00bb \u2014 Church of the Nazarene\" data-secret=\"rvDTFJfrwi\" frameborder=\"0\" marginwidth=\"0\" marginheight=\"0\" scrolling=\"no\" class=\"wp-embedded-content\"><\/iframe><script>\n\/*! This file is auto-generated *\/\n!function(d,l){\"use strict\";l.querySelector&&d.addEventListener&&\"undefined\"!=typeof URL&&(d.wp=d.wp||{},d.wp.receiveEmbedMessage||(d.wp.receiveEmbedMessage=function(e){var t=e.data;if((t||t.secret||t.message||t.value)&&!\/[^a-zA-Z0-9]\/.test(t.secret)){for(var s,r,n,a=l.querySelectorAll('iframe[data-secret=\"'+t.secret+'\"]'),o=l.querySelectorAll('blockquote[data-secret=\"'+t.secret+'\"]'),c=new RegExp(\"^https?:$\",\"i\"),i=0;i<o.length;i++)o[i].style.display=\"none\";for(i=0;i<a.length;i++)s=a[i],e.source===s.contentWindow&&(s.removeAttribute(\"style\"),\"height\"===t.message?(1e3<(r=parseInt(t.value,10))?r=1e3:~~r<200&&(r=200),s.height=r):\"link\"===t.message&&(r=new URL(s.getAttribute(\"src\")),n=new URL(t.value),c.test(n.protocol))&&n.host===r.host&&l.activeElement===s&&(d.top.location.href=t.value))}},d.addEventListener(\"message\",d.wp.receiveEmbedMessage,!1),l.addEventListener(\"DOMContentLoaded\",function(){for(var e,t,s=l.querySelectorAll(\"iframe.wp-embedded-content\"),r=0;r<s.length;r++)(t=(e=s[r]).getAttribute(\"data-secret\"))||(t=Math.random().toString(36).substring(2,12),e.src+=\"#?secret=\"+t,e.setAttribute(\"data-secret\",t)),e.contentWindow.postMessage({message:\"ready\",secret:t},\"*\")},!1)))}(window,document);\n\/\/# sourceURL=https:\/\/nazarene.org\/wp-includes\/js\/wp-embed.min.js\n<\/script>\n","thumbnail_url":"https:\/\/nazarene.org\/wp-content\/uploads\/2025\/02\/Greg-Hephner.png","thumbnail_width":600,"thumbnail_height":320,"description":"Gregory Hephner, 59, de Wichita, Kansas, muri\u00f3 el 21 de febrero de 2024. Era un miembro de la Junta General de la Iglesia de la Nazarena, elegida en junio de 2023. Pas\u00f3 solo seis semanas despu\u00e9s de recibir un diagn\u00f3stico de glioblastoma."}

Gregory Hephner, 59, de Wichita, Kansas, murió el 21 de febrero de 2024. Era un miembro de la Junta General de la Iglesia de la Nazarena, elegida en junio de 2023. Pasó solo seis semanas después de recibir un diagnóstico de glioblastoma.
