{"version":"1.0","provider_name":"Church of the Nazarene","provider_url":"https:\/\/nazarene.org\/es\/","author_name":"Jaycee Garcia","author_url":"https:\/\/nazarene.org\/es\/author\/aprc-admin\/","title":"NNU anuncia un nuevo capell\u00e1n universitario","type":"rich","width":600,"height":338,"html":"<blockquote class=\"wp-embedded-content\" data-secret=\"mlaj0cAvfr\"><a href=\"https:\/\/nazarene.org\/es\/news\/nnu-anuncia-un-nuevo-capellan-universitario\/\">NNU anuncia un nuevo capell\u00e1n universitario<\/a><\/blockquote><iframe sandbox=\"allow-scripts\" security=\"restricted\" src=\"https:\/\/nazarene.org\/es\/news\/nnu-anuncia-un-nuevo-capellan-universitario\/embed\/#?secret=mlaj0cAvfr\" width=\"600\" height=\"338\" title=\"\u00abNNU anuncia un nuevo capell\u00e1n universitario\u00bb \u2014 Church of the Nazarene\" data-secret=\"mlaj0cAvfr\" frameborder=\"0\" marginwidth=\"0\" marginheight=\"0\" scrolling=\"no\" class=\"wp-embedded-content\"><\/iframe><script>\n\/*! This file is auto-generated *\/\n!function(d,l){\"use strict\";l.querySelector&&d.addEventListener&&\"undefined\"!=typeof URL&&(d.wp=d.wp||{},d.wp.receiveEmbedMessage||(d.wp.receiveEmbedMessage=function(e){var t=e.data;if((t||t.secret||t.message||t.value)&&!\/[^a-zA-Z0-9]\/.test(t.secret)){for(var s,r,n,a=l.querySelectorAll('iframe[data-secret=\"'+t.secret+'\"]'),o=l.querySelectorAll('blockquote[data-secret=\"'+t.secret+'\"]'),c=new RegExp(\"^https?:$\",\"i\"),i=0;i<o.length;i++)o[i].style.display=\"none\";for(i=0;i<a.length;i++)s=a[i],e.source===s.contentWindow&&(s.removeAttribute(\"style\"),\"height\"===t.message?(1e3<(r=parseInt(t.value,10))?r=1e3:~~r<200&&(r=200),s.height=r):\"link\"===t.message&&(r=new URL(s.getAttribute(\"src\")),n=new URL(t.value),c.test(n.protocol))&&n.host===r.host&&l.activeElement===s&&(d.top.location.href=t.value))}},d.addEventListener(\"message\",d.wp.receiveEmbedMessage,!1),l.addEventListener(\"DOMContentLoaded\",function(){for(var e,t,s=l.querySelectorAll(\"iframe.wp-embedded-content\"),r=0;r<s.length;r++)(t=(e=s[r]).getAttribute(\"data-secret\"))||(t=Math.random().toString(36).substring(2,12),e.src+=\"#?secret=\"+t,e.setAttribute(\"data-secret\",t)),e.contentWindow.postMessage({message:\"ready\",secret:t},\"*\")},!1)))}(window,document);\n\/\/# sourceURL=https:\/\/nazarene.org\/wp-includes\/js\/wp-embed.min.js\n<\/script>\n","thumbnail_url":"https:\/\/nazarene.org\/wp-content\/uploads\/2025\/02\/NNU-new-chaplain.jpg","thumbnail_width":600,"thumbnail_height":320,"description":"La Universidad Nazarena del Noroeste anunci\u00f3 el nombramiento de Grant Miller como el pr\u00f3ximo capell\u00e1n de la universidad. Miller ha estado sirviendo como director de la vida de la comunidad de NNU durante siete a\u00f1os y actualmente es el pastor de la universidad en la Iglesia de Nampa College de la Nazarena."}

NNU anuncia un nuevo capellán universitario

<blockquote class="wp-embedded-content" data-secret="mlaj0cAvfr"><a href="https://nazarene.org/es/news/nnu-anuncia-un-nuevo-capellan-universitario/">NNU anuncia un nuevo capellán universitario</a></blockquote><iframe sandbox="allow-scripts" security="restricted" src="https://nazarene.org/es/news/nnu-anuncia-un-nuevo-capellan-universitario/embed/#?secret=mlaj0cAvfr" width="600" height="338" title="«NNU anuncia un nuevo capellán universitario» — Church of the Nazarene" data-secret="mlaj0cAvfr" frameborder="0" marginwidth="0" marginheight="0" scrolling="no" class="wp-embedded-content"></iframe><script>
/*! This file is auto-generated */
!function(d,l){"use strict";l.querySelector&&d.addEventListener&&"undefined"!=typeof URL&&(d.wp=d.wp||{},d.wp.receiveEmbedMessage||(d.wp.receiveEmbedMessage=function(e){var t=e.data;if((t||t.secret||t.message||t.value)&&!/[^a-zA-Z0-9]/.test(t.secret)){for(var s,r,n,a=l.querySelectorAll('iframe[data-secret="'+t.secret+'"]'),o=l.querySelectorAll('blockquote[data-secret="'+t.secret+'"]'),c=new RegExp("^https?:$","i"),i=0;i<o.length;i++)o[i].style.display="none";for(i=0;i<a.length;i++)s=a[i],e.source===s.contentWindow&&(s.removeAttribute("style"),"height"===t.message?(1e3<(r=parseInt(t.value,10))?r=1e3:~~r<200&&(r=200),s.height=r):"link"===t.message&&(r=new URL(s.getAttribute("src")),n=new URL(t.value),c.test(n.protocol))&&n.host===r.host&&l.activeElement===s&&(d.top.location.href=t.value))}},d.addEventListener("message",d.wp.receiveEmbedMessage,!1),l.addEventListener("DOMContentLoaded",function(){for(var e,t,s=l.querySelectorAll("iframe.wp-embedded-content"),r=0;r<s.length;r++)(t=(e=s[r]).getAttribute("data-secret"))||(t=Math.random().toString(36).substring(2,12),e.src+="#?secret="+t,e.setAttribute("data-secret",t)),e.contentWindow.postMessage({message:"ready",secret:t},"*")},!1)))}(window,document);
//# sourceURL=https://nazarene.org/wp-includes/js/wp-embed.min.js
</script>

La Universidad Nazarena del Noroeste anunció el nombramiento de Grant Miller como el próximo capellán de la universidad. Miller ha estado sirviendo como director de la vida de la comunidad de NNU durante siete años y actualmente es el pastor de la universidad en la Iglesia de Nampa College de la Nazarena.
