{"version":"1.0","provider_name":"Church of the Nazarene","provider_url":"https:\/\/nazarene.org\/es\/","author_name":"Jaycee Garcia","author_url":"https:\/\/nazarene.org\/es\/author\/aprc-admin\/","title":"Christian Sarmiento elegido 45\u00ba superintendente general","type":"rich","width":600,"height":338,"html":"<blockquote class=\"wp-embedded-content\" data-secret=\"ChtIwca9Gj\"><a href=\"https:\/\/nazarene.org\/es\/news\/christian-sarmiento-elegido-45o-superintendente-general\/\">Christian Sarmiento elegido 45\u00ba superintendente general<\/a><\/blockquote><iframe sandbox=\"allow-scripts\" security=\"restricted\" src=\"https:\/\/nazarene.org\/es\/news\/christian-sarmiento-elegido-45o-superintendente-general\/embed\/#?secret=ChtIwca9Gj\" width=\"600\" height=\"338\" title=\"\u00abChristian Sarmiento elegido 45\u00ba superintendente general\u00bb \u2014 Church of the Nazarene\" data-secret=\"ChtIwca9Gj\" frameborder=\"0\" marginwidth=\"0\" marginheight=\"0\" scrolling=\"no\" class=\"wp-embedded-content\"><\/iframe><script>\n\/*! This file is auto-generated *\/\n!function(d,l){\"use strict\";l.querySelector&&d.addEventListener&&\"undefined\"!=typeof URL&&(d.wp=d.wp||{},d.wp.receiveEmbedMessage||(d.wp.receiveEmbedMessage=function(e){var t=e.data;if((t||t.secret||t.message||t.value)&&!\/[^a-zA-Z0-9]\/.test(t.secret)){for(var s,r,n,a=l.querySelectorAll('iframe[data-secret=\"'+t.secret+'\"]'),o=l.querySelectorAll('blockquote[data-secret=\"'+t.secret+'\"]'),c=new RegExp(\"^https?:$\",\"i\"),i=0;i<o.length;i++)o[i].style.display=\"none\";for(i=0;i<a.length;i++)s=a[i],e.source===s.contentWindow&&(s.removeAttribute(\"style\"),\"height\"===t.message?(1e3<(r=parseInt(t.value,10))?r=1e3:~~r<200&&(r=200),s.height=r):\"link\"===t.message&&(r=new URL(s.getAttribute(\"src\")),n=new URL(t.value),c.test(n.protocol))&&n.host===r.host&&l.activeElement===s&&(d.top.location.href=t.value))}},d.addEventListener(\"message\",d.wp.receiveEmbedMessage,!1),l.addEventListener(\"DOMContentLoaded\",function(){for(var e,t,s=l.querySelectorAll(\"iframe.wp-embedded-content\"),r=0;r<s.length;r++)(t=(e=s[r]).getAttribute(\"data-secret\"))||(t=Math.random().toString(36).substring(2,12),e.src+=\"#?secret=\"+t,e.setAttribute(\"data-secret\",t)),e.contentWindow.postMessage({message:\"ready\",secret:t},\"*\")},!1)))}(window,document);\n\/\/# sourceURL=https:\/\/nazarene.org\/wp-includes\/js\/wp-embed.min.js\n<\/script>\n","thumbnail_url":"https:\/\/nazarene.org\/wp-content\/uploads\/2025\/02\/Sarmiento-768x410.png","thumbnail_width":600,"thumbnail_height":320,"description":"Christian Sarmiento fue elegido el 45\u00ba superintendente general de la Iglesia de la Nazarena el 15 de junio de 2023. Sarmiento fue elegido en la 40\u00aa votaci\u00f3n durante la sesi\u00f3n de negocios de la ma\u00f1ana de la 30\u00aa Asamblea General y Convenciones en Indianapolis, Indiana, Estados Unidos."}

Christian Sarmiento elegido 45º superintendente general

<blockquote class="wp-embedded-content" data-secret="ChtIwca9Gj"><a href="https://nazarene.org/es/news/christian-sarmiento-elegido-45o-superintendente-general/">Christian Sarmiento elegido 45º superintendente general</a></blockquote><iframe sandbox="allow-scripts" security="restricted" src="https://nazarene.org/es/news/christian-sarmiento-elegido-45o-superintendente-general/embed/#?secret=ChtIwca9Gj" width="600" height="338" title="«Christian Sarmiento elegido 45º superintendente general» — Church of the Nazarene" data-secret="ChtIwca9Gj" frameborder="0" marginwidth="0" marginheight="0" scrolling="no" class="wp-embedded-content"></iframe><script>
/*! This file is auto-generated */
!function(d,l){"use strict";l.querySelector&&d.addEventListener&&"undefined"!=typeof URL&&(d.wp=d.wp||{},d.wp.receiveEmbedMessage||(d.wp.receiveEmbedMessage=function(e){var t=e.data;if((t||t.secret||t.message||t.value)&&!/[^a-zA-Z0-9]/.test(t.secret)){for(var s,r,n,a=l.querySelectorAll('iframe[data-secret="'+t.secret+'"]'),o=l.querySelectorAll('blockquote[data-secret="'+t.secret+'"]'),c=new RegExp("^https?:$","i"),i=0;i<o.length;i++)o[i].style.display="none";for(i=0;i<a.length;i++)s=a[i],e.source===s.contentWindow&&(s.removeAttribute("style"),"height"===t.message?(1e3<(r=parseInt(t.value,10))?r=1e3:~~r<200&&(r=200),s.height=r):"link"===t.message&&(r=new URL(s.getAttribute("src")),n=new URL(t.value),c.test(n.protocol))&&n.host===r.host&&l.activeElement===s&&(d.top.location.href=t.value))}},d.addEventListener("message",d.wp.receiveEmbedMessage,!1),l.addEventListener("DOMContentLoaded",function(){for(var e,t,s=l.querySelectorAll("iframe.wp-embedded-content"),r=0;r<s.length;r++)(t=(e=s[r]).getAttribute("data-secret"))||(t=Math.random().toString(36).substring(2,12),e.src+="#?secret="+t,e.setAttribute("data-secret",t)),e.contentWindow.postMessage({message:"ready",secret:t},"*")},!1)))}(window,document);
//# sourceURL=https://nazarene.org/wp-includes/js/wp-embed.min.js
</script>

Christian Sarmiento fue elegido el 45º superintendente general de la Iglesia de la Nazarena el 15 de junio de 2023. Sarmiento fue elegido en la 40ª votación durante la sesión de negocios de la mañana de la 30ª Asamblea General y Convenciones en Indianapolis, Indiana, Estados Unidos.
